{"id":132,"date":"2021-04-22T11:01:25","date_gmt":"2021-04-22T09:01:25","guid":{"rendered":"http:\/\/odkurzacz.selit.pl\/?page_id=132"},"modified":"2022-08-19T22:12:05","modified_gmt":"2022-08-19T20:12:05","slug":"odkurzacz-przemyslowy","status":"publish","type":"page","link":"https:\/\/odkurzacz.selit.pl\/index.php\/odkurzacz-przemyslowy\/","title":{"rendered":"Odkurzacz Przemys\u0142owy"},"content":{"rendered":"<p><img loading=\"lazy\" decoding=\"async\" class=\"alignnone size-medium wp-image-134\" src=\"http:\/\/odkurzacz.selit.pl\/wp-content\/uploads\/2021\/04\/d9aac939ffbcc1834acb0512ce5284f1-300x300.jpg\" alt=\"\" width=\"300\" height=\"300\" srcset=\"https:\/\/odkurzacz.selit.pl\/wp-content\/uploads\/2021\/04\/d9aac939ffbcc1834acb0512ce5284f1-300x300.jpg 300w, https:\/\/odkurzacz.selit.pl\/wp-content\/uploads\/2021\/04\/d9aac939ffbcc1834acb0512ce5284f1-150x150.jpg 150w, https:\/\/odkurzacz.selit.pl\/wp-content\/uploads\/2021\/04\/d9aac939ffbcc1834acb0512ce5284f1.jpg 600w\" sizes=\"auto, (max-width: 300px) 100vw, 300px\" \/><img loading=\"lazy\" decoding=\"async\" class=\"alignnone size-medium wp-image-136\" src=\"http:\/\/odkurzacz.selit.pl\/wp-content\/uploads\/2021\/04\/nt_30_1_tact_te_construction_slot_milling_app_7_CI15502x502-300x300.jpg\" alt=\"\" width=\"300\" height=\"300\" srcset=\"https:\/\/odkurzacz.selit.pl\/wp-content\/uploads\/2021\/04\/nt_30_1_tact_te_construction_slot_milling_app_7_CI15502x502-300x300.jpg 300w, https:\/\/odkurzacz.selit.pl\/wp-content\/uploads\/2021\/04\/nt_30_1_tact_te_construction_slot_milling_app_7_CI15502x502-150x150.jpg 150w, https:\/\/odkurzacz.selit.pl\/wp-content\/uploads\/2021\/04\/nt_30_1_tact_te_construction_slot_milling_app_7_CI15502x502.jpg 502w\" sizes=\"auto, (max-width: 300px) 100vw, 300px\" \/><\/p>\n<p><strong>Oferujemy wypo\u017cyczenie \u0142atwego w obs\u0142udze uniwersalnego odkurzacza przemys\u0142owego Karcher NT 30\/1 Tact<\/strong><\/p>\n<p>Odkurzacz idealnie nadaje si\u0119 do czyszczenia gara\u017cu, warsztatu, piwnicy czy strychu.<br \/>\nSolidny i wytrzyma\u0142y odkurzacz do u\u017cytku profesjonalnego. Odkurzacz na mokro i sucho do u\u017cytku profesjonalnego wykonany z wytrzyma\u0142ych materia\u0142\u00f3w najwy\u017cszej klasy. Dzi\u0119ki dalszym ulepszeniom systemu oczyszczania filtra TACT, tak\u017ce du\u017ce ilo\u015bci drobnych py\u0142\u00f3w mo\u017cna odkurzy\u0107 bez \u017cadnych przerw. Idealne rozwi\u0105zanie dla wymagaj\u0105cych klient\u00f3w w budownictwie (remonty, budowa domu) czy przemy\u015ble.<\/p>\n<p>Ceny wynajmu sprz\u0119tu:<br \/>\n&#8211; 1 dzie\u0144 69 PLN<br \/>\n&#8211; od 2 do 3 dni &#8211; 59z\u0142 za 1\/dob\u0119 (24h)<br \/>\n&#8211; 4 dni i wi\u0119cej \u2013 50z\u0142 za 1\/dob\u0119 (24h)<\/p>\n<p>&#8211; dodatkowo 20 PLN za wykorzystanie worka<\/p>\n<p><img loading=\"lazy\" decoding=\"async\" class=\"alignnone size-medium wp-image-135\" src=\"http:\/\/odkurzacz.selit.pl\/wp-content\/uploads\/2021\/04\/NT-30-1-Tact-L-Karcher-samochod-odkurzanie-300x200.jpg\" alt=\"\" width=\"300\" height=\"200\" srcset=\"https:\/\/odkurzacz.selit.pl\/wp-content\/uploads\/2021\/04\/NT-30-1-Tact-L-Karcher-samochod-odkurzanie-300x200.jpg 300w, https:\/\/odkurzacz.selit.pl\/wp-content\/uploads\/2021\/04\/NT-30-1-Tact-L-Karcher-samochod-odkurzanie-1024x683.jpg 1024w, https:\/\/odkurzacz.selit.pl\/wp-content\/uploads\/2021\/04\/NT-30-1-Tact-L-Karcher-samochod-odkurzanie-768x512.jpg 768w, https:\/\/odkurzacz.selit.pl\/wp-content\/uploads\/2021\/04\/NT-30-1-Tact-L-Karcher-samochod-odkurzanie.jpg 1260w\" sizes=\"auto, (max-width: 300px) 100vw, 300px\" \/><\/p>\n<p><img loading=\"lazy\" decoding=\"async\" class=\"size-medium wp-image-133\" src=\"http:\/\/odkurzacz.selit.pl\/wp-content\/uploads\/2021\/04\/d1-300x200.jpg\" alt=\"Odkurzacz przemys\u0142owy\" width=\"300\" height=\"200\" srcset=\"https:\/\/odkurzacz.selit.pl\/wp-content\/uploads\/2021\/04\/d1-300x200.jpg 300w, https:\/\/odkurzacz.selit.pl\/wp-content\/uploads\/2021\/04\/d1-1024x683.jpg 1024w, https:\/\/odkurzacz.selit.pl\/wp-content\/uploads\/2021\/04\/d1-768x512.jpg 768w, https:\/\/odkurzacz.selit.pl\/wp-content\/uploads\/2021\/04\/d1.jpg 1200w\" sizes=\"auto, (max-width: 300px) 100vw, 300px\" \/><\/p>\n","protected":false},"excerpt":{"rendered":"<p>Oferujemy wypo\u017cyczenie \u0142atwego w obs\u0142udze uniwersalnego odkurzacza przemys\u0142owego Karcher NT 30\/1 Tact Odkurzacz idealnie nadaje si\u0119 do czyszczenia gara\u017cu, warsztatu, piwnicy czy strychu. Solidny i wytrzyma\u0142y odkurzacz do u\u017cytku profesjonalnego. Odkurzacz na mokro i sucho do u\u017cytku profesjonalnego wykonany z wytrzyma\u0142ych materia\u0142\u00f3w najwy\u017cszej klasy. Dzi\u0119ki dalszym ulepszeniom systemu oczyszczania filtra TACT, tak\u017ce du\u017ce ilo\u015bci drobnych&#8230;<\/p>\n","protected":false},"author":2,"featured_media":0,"parent":0,"menu_order":0,"comment_status":"closed","ping_status":"closed","template":"","meta":{"footnotes":""},"class_list":["post-132","page","type-page","status-publish","hentry"],"yoast_head":"<!-- This site is optimized with the Yoast SEO plugin v25.7 - https:\/\/yoast.com\/wordpress\/plugins\/seo\/ -->\n<title>Odkurzacz Przemys\u0142owy - Wypo\u017cyczalnia sprz\u0119tu czyszcz\u0105cego, ozonowanie, dezynfekcja.<\/title>\n<meta name=\"robots\" content=\"index, follow, max-snippet:-1, max-image-preview:large, max-video-preview:-1\" \/>\n<link rel=\"canonical\" href=\"https:\/\/odkurzacz.selit.pl\/index.php\/odkurzacz-przemyslowy\/\" \/>\n<meta property=\"og:locale\" content=\"pl_PL\" \/>\n<meta property=\"og:type\" content=\"article\" \/>\n<meta property=\"og:title\" content=\"Odkurzacz Przemys\u0142owy - Wypo\u017cyczalnia sprz\u0119tu czyszcz\u0105cego, ozonowanie, dezynfekcja.\" \/>\n<meta property=\"og:description\" content=\"Oferujemy wypo\u017cyczenie \u0142atwego w obs\u0142udze uniwersalnego odkurzacza przemys\u0142owego Karcher NT 30\/1 Tact Odkurzacz idealnie nadaje si\u0119 do czyszczenia gara\u017cu, warsztatu, piwnicy czy strychu. Solidny i wytrzyma\u0142y odkurzacz do u\u017cytku profesjonalnego. Odkurzacz na mokro i sucho do u\u017cytku profesjonalnego wykonany z wytrzyma\u0142ych materia\u0142\u00f3w najwy\u017cszej klasy. Dzi\u0119ki dalszym ulepszeniom systemu oczyszczania filtra TACT, tak\u017ce du\u017ce ilo\u015bci drobnych...\" \/>\n<meta property=\"og:url\" content=\"https:\/\/odkurzacz.selit.pl\/index.php\/odkurzacz-przemyslowy\/\" \/>\n<meta property=\"og:site_name\" content=\"Wypo\u017cyczalnia sprz\u0119tu czyszcz\u0105cego, ozonowanie, dezynfekcja.\" \/>\n<meta property=\"article:modified_time\" content=\"2022-08-19T20:12:05+00:00\" \/>\n<meta property=\"og:image\" content=\"http:\/\/odkurzacz.selit.pl\/wp-content\/uploads\/2021\/04\/d9aac939ffbcc1834acb0512ce5284f1-300x300.jpg\" \/>\n<meta name=\"twitter:card\" content=\"summary_large_image\" \/>\n<meta name=\"twitter:label1\" content=\"Szacowany czas czytania\" \/>\n\t<meta name=\"twitter:data1\" content=\"1 minuta\" \/>\n<!-- \/ Yoast SEO plugin. -->","yoast_head_json":{"title":"Odkurzacz Przemys\u0142owy - Wypo\u017cyczalnia sprz\u0119tu czyszcz\u0105cego, ozonowanie, dezynfekcja.","robots":{"index":"index","follow":"follow","max-snippet":"max-snippet:-1","max-image-preview":"max-image-preview:large","max-video-preview":"max-video-preview:-1"},"canonical":"https:\/\/odkurzacz.selit.pl\/index.php\/odkurzacz-przemyslowy\/","og_locale":"pl_PL","og_type":"article","og_title":"Odkurzacz Przemys\u0142owy - Wypo\u017cyczalnia sprz\u0119tu czyszcz\u0105cego, ozonowanie, dezynfekcja.","og_description":"Oferujemy wypo\u017cyczenie \u0142atwego w obs\u0142udze uniwersalnego odkurzacza przemys\u0142owego Karcher NT 30\/1 Tact Odkurzacz idealnie nadaje si\u0119 do czyszczenia gara\u017cu, warsztatu, piwnicy czy strychu. Solidny i wytrzyma\u0142y odkurzacz do u\u017cytku profesjonalnego. Odkurzacz na mokro i sucho do u\u017cytku profesjonalnego wykonany z wytrzyma\u0142ych materia\u0142\u00f3w najwy\u017cszej klasy. Dzi\u0119ki dalszym ulepszeniom systemu oczyszczania filtra TACT, tak\u017ce du\u017ce ilo\u015bci drobnych...","og_url":"https:\/\/odkurzacz.selit.pl\/index.php\/odkurzacz-przemyslowy\/","og_site_name":"Wypo\u017cyczalnia sprz\u0119tu czyszcz\u0105cego, ozonowanie, dezynfekcja.","article_modified_time":"2022-08-19T20:12:05+00:00","og_image":[{"url":"http:\/\/odkurzacz.selit.pl\/wp-content\/uploads\/2021\/04\/d9aac939ffbcc1834acb0512ce5284f1-300x300.jpg","type":"","width":"","height":""}],"twitter_card":"summary_large_image","twitter_misc":{"Szacowany czas czytania":"1 minuta"},"schema":{"@context":"https:\/\/schema.org","@graph":[{"@type":"WebPage","@id":"https:\/\/odkurzacz.selit.pl\/index.php\/odkurzacz-przemyslowy\/","url":"https:\/\/odkurzacz.selit.pl\/index.php\/odkurzacz-przemyslowy\/","name":"Odkurzacz Przemys\u0142owy - Wypo\u017cyczalnia sprz\u0119tu czyszcz\u0105cego, ozonowanie, dezynfekcja.","isPartOf":{"@id":"https:\/\/odkurzacz.selit.pl\/#website"},"primaryImageOfPage":{"@id":"https:\/\/odkurzacz.selit.pl\/index.php\/odkurzacz-przemyslowy\/#primaryimage"},"image":{"@id":"https:\/\/odkurzacz.selit.pl\/index.php\/odkurzacz-przemyslowy\/#primaryimage"},"thumbnailUrl":"http:\/\/odkurzacz.selit.pl\/wp-content\/uploads\/2021\/04\/d9aac939ffbcc1834acb0512ce5284f1-300x300.jpg","datePublished":"2021-04-22T09:01:25+00:00","dateModified":"2022-08-19T20:12:05+00:00","breadcrumb":{"@id":"https:\/\/odkurzacz.selit.pl\/index.php\/odkurzacz-przemyslowy\/#breadcrumb"},"inLanguage":"pl-PL","potentialAction":[{"@type":"ReadAction","target":["https:\/\/odkurzacz.selit.pl\/index.php\/odkurzacz-przemyslowy\/"]}]},{"@type":"ImageObject","inLanguage":"pl-PL","@id":"https:\/\/odkurzacz.selit.pl\/index.php\/odkurzacz-przemyslowy\/#primaryimage","url":"https:\/\/odkurzacz.selit.pl\/wp-content\/uploads\/2021\/04\/d9aac939ffbcc1834acb0512ce5284f1.jpg","contentUrl":"https:\/\/odkurzacz.selit.pl\/wp-content\/uploads\/2021\/04\/d9aac939ffbcc1834acb0512ce5284f1.jpg","width":600,"height":600},{"@type":"BreadcrumbList","@id":"https:\/\/odkurzacz.selit.pl\/index.php\/odkurzacz-przemyslowy\/#breadcrumb","itemListElement":[{"@type":"ListItem","position":1,"name":"Strona g\u0142\u00f3wna","item":"https:\/\/odkurzacz.selit.pl\/"},{"@type":"ListItem","position":2,"name":"Odkurzacz Przemys\u0142owy"}]},{"@type":"WebSite","@id":"https:\/\/odkurzacz.selit.pl\/#website","url":"https:\/\/odkurzacz.selit.pl\/","name":"Wypo\u017cyczalnia sprz\u0119tu czyszcz\u0105cego, ozonowanie, dezynfekcja.","description":"Szczecin, tel. 691 991 473, biuro@selit.pl","potentialAction":[{"@type":"SearchAction","target":{"@type":"EntryPoint","urlTemplate":"https:\/\/odkurzacz.selit.pl\/?s={search_term_string}"},"query-input":{"@type":"PropertyValueSpecification","valueRequired":true,"valueName":"search_term_string"}}],"inLanguage":"pl-PL"}]}},"_links":{"self":[{"href":"https:\/\/odkurzacz.selit.pl\/index.php\/wp-json\/wp\/v2\/pages\/132","targetHints":{"allow":["GET"]}}],"collection":[{"href":"https:\/\/odkurzacz.selit.pl\/index.php\/wp-json\/wp\/v2\/pages"}],"about":[{"href":"https:\/\/odkurzacz.selit.pl\/index.php\/wp-json\/wp\/v2\/types\/page"}],"author":[{"embeddable":true,"href":"https:\/\/odkurzacz.selit.pl\/index.php\/wp-json\/wp\/v2\/users\/2"}],"replies":[{"embeddable":true,"href":"https:\/\/odkurzacz.selit.pl\/index.php\/wp-json\/wp\/v2\/comments?post=132"}],"version-history":[{"count":3,"href":"https:\/\/odkurzacz.selit.pl\/index.php\/wp-json\/wp\/v2\/pages\/132\/revisions"}],"predecessor-version":[{"id":284,"href":"https:\/\/odkurzacz.selit.pl\/index.php\/wp-json\/wp\/v2\/pages\/132\/revisions\/284"}],"wp:attachment":[{"href":"https:\/\/odkurzacz.selit.pl\/index.php\/wp-json\/wp\/v2\/media?parent=132"}],"curies":[{"name":"wp","href":"https:\/\/api.w.org\/{rel}","templated":true}]}}

Odkurzacz Przemysłowy

<p><img loading="lazy" decoding="async" class="alignnone size-medium wp-image-134" src="http://odkurzacz.selit.pl/wp-content/uploads/2021/04/d9aac939ffbcc1834acb0512ce5284f1-300x300.jpg" alt="" width="300" height="300" srcset="https://odkurzacz.selit.pl/wp-content/uploads/2021/04/d9aac939ffbcc1834acb0512ce5284f1-300x300.jpg 300w, https://odkurzacz.selit.pl/wp-content/uploads/2021/04/d9aac939ffbcc1834acb0512ce5284f1-150x150.jpg 150w, https://odkurzacz.selit.pl/wp-content/uploads/2021/04/d9aac939ffbcc1834acb0512ce5284f1.jpg 600w" sizes="auto, (max-width: 300px) 100vw, 300px" /><img loading="lazy" decoding="async" class="alignnone size-medium wp-image-136" src="http://odkurzacz.selit.pl/wp-content/uploads/2021/04/nt_30_1_tact_te_construction_slot_milling_app_7_CI15502x502-300x300.jpg" alt="" width="300" height="300" srcset="https://odkurzacz.selit.pl/wp-content/uploads/2021/04/nt_30_1_tact_te_construction_slot_milling_app_7_CI15502x502-300x300.jpg 300w, https://odkurzacz.selit.pl/wp-content/uploads/2021/04/nt_30_1_tact_te_construction_slot_milling_app_7_CI15502x502-150x150.jpg 150w, https://odkurzacz.selit.pl/wp-content/uploads/2021/04/nt_30_1_tact_te_construction_slot_milling_app_7_CI15502x502.jpg 502w" sizes="auto, (max-width: 300px) 100vw, 300px" /></p>
<p><strong>Oferujemy wypożyczenie łatwego w obsłudze uniwersalnego odkurzacza przemysłowego Karcher NT 30/1 Tact</strong></p>
<p>Odkurzacz idealnie nadaje się do czyszczenia garażu, warsztatu, piwnicy czy strychu.<br />
Solidny i wytrzymały odkurzacz do użytku profesjonalnego. Odkurzacz na mokro i sucho do użytku profesjonalnego wykonany z wytrzymałych materiałów najwyższej klasy. Dzięki dalszym ulepszeniom systemu oczyszczania filtra TACT, także duże ilości drobnych pyłów można odkurzyć bez żadnych przerw. Idealne rozwiązanie dla wymagających klientów w budownictwie (remonty, budowa domu) czy przemyśle.</p>
<p>Ceny wynajmu sprzętu:<br />
&#8211; 1 dzień 69 PLN<br />
&#8211; od 2 do 3 dni &#8211; 59zł za 1/dobę (24h)<br />
&#8211; 4 dni i więcej – 50zł za 1/dobę (24h)</p>
<p>&#8211; dodatkowo 20 PLN za wykorzystanie worka</p>
<p><img loading="lazy" decoding="async" class="alignnone size-medium wp-image-135" src="http://odkurzacz.selit.pl/wp-content/uploads/2021/04/NT-30-1-Tact-L-Karcher-samochod-odkurzanie-300x200.jpg" alt="" width="300" height="200" srcset="https://odkurzacz.selit.pl/wp-content/uploads/2021/04/NT-30-1-Tact-L-Karcher-samochod-odkurzanie-300x200.jpg 300w, https://odkurzacz.selit.pl/wp-content/uploads/2021/04/NT-30-1-Tact-L-Karcher-samochod-odkurzanie-1024x683.jpg 1024w, https://odkurzacz.selit.pl/wp-content/uploads/2021/04/NT-30-1-Tact-L-Karcher-samochod-odkurzanie-768x512.jpg 768w, https://odkurzacz.selit.pl/wp-content/uploads/2021/04/NT-30-1-Tact-L-Karcher-samochod-odkurzanie.jpg 1260w" sizes="auto, (max-width: 300px) 100vw, 300px" /></p>
<p><img loading="lazy" decoding="async" class="size-medium wp-image-133" src="http://odkurzacz.selit.pl/wp-content/uploads/2021/04/d1-300x200.jpg" alt="Odkurzacz przemysłowy" width="300" height="200" srcset="https://odkurzacz.selit.pl/wp-content/uploads/2021/04/d1-300x200.jpg 300w, https://odkurzacz.selit.pl/wp-content/uploads/2021/04/d1-1024x683.jpg 1024w, https://odkurzacz.selit.pl/wp-content/uploads/2021/04/d1-768x512.jpg 768w, https://odkurzacz.selit.pl/wp-content/uploads/2021/04/d1.jpg 1200w" sizes="auto, (max-width: 300px) 100vw, 300px" /></p>

<p>Oferujemy wypożyczenie łatwego w obsłudze uniwersalnego odkurzacza przemysłowego Karcher NT 30/1 Tact Odkurzacz idealnie nadaje się do czyszczenia garażu, warsztatu, piwnicy czy strychu. Solidny i wytrzymały odkurzacz do użytku profesjonalnego. Odkurzacz na mokro i sucho do użytku profesjonalnego wykonany z wytrzymałych materiałów najwyższej klasy. Dzięki dalszym ulepszeniom systemu oczyszczania filtra TACT, także duże ilości drobnych&#8230;</p>

<!-- This site is optimized with the Yoast SEO plugin v25.7 - https://yoast.com/wordpress/plugins/seo/ -->
<title>Odkurzacz Przemysłowy - Wypożyczalnia sprzętu czyszczącego, ozonowanie, dezynfekcja.</title>
<meta name="robots" content="index, follow, max-snippet:-1, max-image-preview:large, max-video-preview:-1" />
<link rel="canonical" href="https://odkurzacz.selit.pl/index.php/odkurzacz-przemyslowy/" />
<meta property="og:locale" content="pl_PL" />
<meta property="og:type" content="article" />
<meta property="og:title" content="Odkurzacz Przemysłowy - Wypożyczalnia sprzętu czyszczącego, ozonowanie, dezynfekcja." />
<meta property="og:description" content="Oferujemy wypożyczenie łatwego w obsłudze uniwersalnego odkurzacza przemysłowego Karcher NT 30/1 Tact Odkurzacz idealnie nadaje się do czyszczenia garażu, warsztatu, piwnicy czy strychu. Solidny i wytrzymały odkurzacz do użytku profesjonalnego. Odkurzacz na mokro i sucho do użytku profesjonalnego wykonany z wytrzymałych materiałów najwyższej klasy. Dzięki dalszym ulepszeniom systemu oczyszczania filtra TACT, także duże ilości drobnych..." />
<meta property="og:url" content="https://odkurzacz.selit.pl/index.php/odkurzacz-przemyslowy/" />
<meta property="og:site_name" content="Wypożyczalnia sprzętu czyszczącego, ozonowanie, dezynfekcja." />
<meta property="article:modified_time" content="2022-08-19T20:12:05+00:00" />
<meta property="og:image" content="http://odkurzacz.selit.pl/wp-content/uploads/2021/04/d9aac939ffbcc1834acb0512ce5284f1-300x300.jpg" />
<meta name="twitter:card" content="summary_large_image" />
<meta name="twitter:label1" content="Szacowany czas czytania" />
	<meta name="twitter:data1" content="1 minuta" />
<!-- / Yoast SEO plugin. -->

Odkurzacz Przemysłowy - Wypożyczalnia sprzętu czyszczącego, ozonowanie, dezynfekcja.

Oferujemy wypożyczenie łatwego w obsłudze uniwersalnego odkurzacza przemysłowego Karcher NT 30/1 Tact Odkurzacz idealnie nadaje się do czyszczenia garażu, warsztatu, piwnicy czy strychu. Solidny i wytrzymały odkurzacz do użytku profesjonalnego. Odkurzacz na mokro i sucho do użytku profesjonalnego wykonany z wytrzymałych materiałów najwyższej klasy. Dzięki dalszym ulepszeniom systemu oczyszczania filtra TACT, także duże ilości drobnych...

Wypożyczalnia sprzętu czyszczącego, ozonowanie, dezynfekcja.

Strona główna
