{"id":214,"date":"2021-10-13T18:43:31","date_gmt":"2021-10-13T16:43:31","guid":{"rendered":"http:\/\/odkurzacz.selit.pl\/?page_id=214"},"modified":"2023-12-11T15:39:15","modified_gmt":"2023-12-11T14:39:15","slug":"214-2","status":"publish","type":"page","link":"https:\/\/odkurzacz.selit.pl\/index.php\/214-2\/","title":{"rendered":"Osuszacz"},"content":{"rendered":"<p><img loading=\"lazy\" decoding=\"async\" class=\"alignnone size-medium wp-image-215\" src=\"http:\/\/odkurzacz.selit.pl\/wp-content\/uploads\/2021\/10\/Osusz_1-227x300.png\" alt=\"\" width=\"227\" height=\"300\" srcset=\"https:\/\/odkurzacz.selit.pl\/wp-content\/uploads\/2021\/10\/Osusz_1-227x300.png 227w, https:\/\/odkurzacz.selit.pl\/wp-content\/uploads\/2021\/10\/Osusz_1-371x491.png 371w, https:\/\/odkurzacz.selit.pl\/wp-content\/uploads\/2021\/10\/Osusz_1.png 684w\" sizes=\"auto, (max-width: 227px) 100vw, 227px\" \/><img loading=\"lazy\" decoding=\"async\" class=\"alignnone size-medium wp-image-216\" src=\"http:\/\/odkurzacz.selit.pl\/wp-content\/uploads\/2021\/10\/Osusz_3-219x300.png\" alt=\"\" width=\"219\" height=\"300\" srcset=\"https:\/\/odkurzacz.selit.pl\/wp-content\/uploads\/2021\/10\/Osusz_3-219x300.png 219w, https:\/\/odkurzacz.selit.pl\/wp-content\/uploads\/2021\/10\/Osusz_3-359x491.png 359w, https:\/\/odkurzacz.selit.pl\/wp-content\/uploads\/2021\/10\/Osusz_3.png 665w\" sizes=\"auto, (max-width: 219px) 100vw, 219px\" \/><\/p>\n<p><strong>Oferujemy wypo\u017cyczenie profesjonalnego osuszacza spr\u0119\u017conego powierza, kt\u00f3ry skutecznie pomaga zwalczy\u0107 zawilgocenie \u015bcian, przykre zapachy, ple\u015bnie oraz skondensowan\u0105 wilgo\u0107 w pomieszczeniu.<\/strong><\/p>\n<p>Nadmiar wilgoci zostaje skondensowana i zebrana w zbiorniku na wod\u0119.<\/p>\n<p>Doskonale sprawdzi si\u0119 m.in. w:<br \/>\n&#8211; zalanych pomieszcze\u0144 u\u017cytkowych, mieszka\u0144, biur,<br \/>\n&#8211; wilgotnych pomieszcze\u0144 po pracach budowlanych lub remontowych (po na\u0142o\u017ceniu tynku, g\u0142adzi czy malowaniu),<br \/>\n&#8211; wilgotnych pomieszcze\u0144 z pojawiaj\u0105cymi si\u0119 grzybami na skutek braku cyrkulacji powietrza, niedogrzania, itp.<\/p>\n<p>Nasz osuszacz ma wydajno\u015b\u0107 50L\/24h, filtruje do 450 m3 powietrza na 1h, mo\u017ce pracowa\u0107 w temp. 5-35 st.C, jest urz\u0105dzeniem programowalnym i \u0142atwym w obs\u0142udze. Do tego jest ekonomiczny \u2013 maks. pob\u00f3r pr\u0105du to 0,65kW.<br \/>\nOsuszacz wa\u017cy ok. 33 kg, posiada k\u00f3\u0142ka do wygodnego przemieszczania po p\u0142askich powierzchniach, jego wymiary: 77x50x46cm.<\/p>\n<p>Ceny wynajmu osuszacza:<br \/>\n&#8211; 1 dzie\u0144 70 PLN<br \/>\n&#8211; od 2 do 3 dni &#8211; 60z\u0142 za 1\/dob\u0119 (24h)<br \/>\n&#8211; 4 dni i wi\u0119cej \u2013 50z\u0142 za 1\/dob\u0119 (24h)<\/p>\n<p><img loading=\"lazy\" decoding=\"async\" class=\"alignnone size-medium wp-image-217\" src=\"http:\/\/odkurzacz.selit.pl\/wp-content\/uploads\/2021\/10\/Osusz_5-239x300.png\" alt=\"\" width=\"239\" height=\"300\" srcset=\"https:\/\/odkurzacz.selit.pl\/wp-content\/uploads\/2021\/10\/Osusz_5-239x300.png 239w, https:\/\/odkurzacz.selit.pl\/wp-content\/uploads\/2021\/10\/Osusz_5-391x491.png 391w, https:\/\/odkurzacz.selit.pl\/wp-content\/uploads\/2021\/10\/Osusz_5.png 721w\" sizes=\"auto, (max-width: 239px) 100vw, 239px\" \/><img loading=\"lazy\" decoding=\"async\" class=\"alignnone size-medium wp-image-218\" src=\"http:\/\/odkurzacz.selit.pl\/wp-content\/uploads\/2021\/10\/Osusz_8-300x238.png\" alt=\"\" width=\"300\" height=\"238\" srcset=\"https:\/\/odkurzacz.selit.pl\/wp-content\/uploads\/2021\/10\/Osusz_8-300x238.png 300w, https:\/\/odkurzacz.selit.pl\/wp-content\/uploads\/2021\/10\/Osusz_8-1024x813.png 1024w, https:\/\/odkurzacz.selit.pl\/wp-content\/uploads\/2021\/10\/Osusz_8-768x609.png 768w, https:\/\/odkurzacz.selit.pl\/wp-content\/uploads\/2021\/10\/Osusz_8-619x491.png 619w, https:\/\/odkurzacz.selit.pl\/wp-content\/uploads\/2021\/10\/Osusz_8.png 1046w\" sizes=\"auto, (max-width: 300px) 100vw, 300px\" \/><\/p>\n","protected":false},"excerpt":{"rendered":"<p>Oferujemy wypo\u017cyczenie profesjonalnego osuszacza spr\u0119\u017conego powierza, kt\u00f3ry skutecznie pomaga zwalczy\u0107 zawilgocenie \u015bcian, przykre zapachy, ple\u015bnie oraz skondensowan\u0105 wilgo\u0107 w pomieszczeniu. Nadmiar wilgoci zostaje skondensowana i zebrana w zbiorniku na wod\u0119. Doskonale sprawdzi si\u0119 m.in. w: &#8211; zalanych pomieszcze\u0144 u\u017cytkowych, mieszka\u0144, biur, &#8211; wilgotnych pomieszcze\u0144 po pracach budowlanych lub remontowych (po na\u0142o\u017ceniu tynku, g\u0142adzi czy malowaniu),&#8230;<\/p>\n","protected":false},"author":2,"featured_media":0,"parent":0,"menu_order":0,"comment_status":"closed","ping_status":"closed","template":"","meta":{"footnotes":""},"class_list":["post-214","page","type-page","status-publish","hentry"],"yoast_head":"<!-- This site is optimized with the Yoast SEO plugin v25.7 - https:\/\/yoast.com\/wordpress\/plugins\/seo\/ -->\n<title>Osuszacz - Wypo\u017cyczalnia sprz\u0119tu czyszcz\u0105cego, ozonowanie, dezynfekcja.<\/title>\n<meta name=\"robots\" content=\"index, follow, max-snippet:-1, max-image-preview:large, max-video-preview:-1\" \/>\n<link rel=\"canonical\" href=\"https:\/\/odkurzacz.selit.pl\/index.php\/214-2\/\" \/>\n<meta property=\"og:locale\" content=\"pl_PL\" \/>\n<meta property=\"og:type\" content=\"article\" \/>\n<meta property=\"og:title\" content=\"Osuszacz - Wypo\u017cyczalnia sprz\u0119tu czyszcz\u0105cego, ozonowanie, dezynfekcja.\" \/>\n<meta property=\"og:description\" content=\"Oferujemy wypo\u017cyczenie profesjonalnego osuszacza spr\u0119\u017conego powierza, kt\u00f3ry skutecznie pomaga zwalczy\u0107 zawilgocenie \u015bcian, przykre zapachy, ple\u015bnie oraz skondensowan\u0105 wilgo\u0107 w pomieszczeniu. Nadmiar wilgoci zostaje skondensowana i zebrana w zbiorniku na wod\u0119. Doskonale sprawdzi si\u0119 m.in. w: &#8211; zalanych pomieszcze\u0144 u\u017cytkowych, mieszka\u0144, biur, &#8211; wilgotnych pomieszcze\u0144 po pracach budowlanych lub remontowych (po na\u0142o\u017ceniu tynku, g\u0142adzi czy malowaniu),...\" \/>\n<meta property=\"og:url\" content=\"https:\/\/odkurzacz.selit.pl\/index.php\/214-2\/\" \/>\n<meta property=\"og:site_name\" content=\"Wypo\u017cyczalnia sprz\u0119tu czyszcz\u0105cego, ozonowanie, dezynfekcja.\" \/>\n<meta property=\"article:modified_time\" content=\"2023-12-11T14:39:15+00:00\" \/>\n<meta property=\"og:image\" content=\"http:\/\/odkurzacz.selit.pl\/wp-content\/uploads\/2021\/10\/Osusz_1-227x300.png\" \/>\n<meta name=\"twitter:card\" content=\"summary_large_image\" \/>\n<meta name=\"twitter:label1\" content=\"Szacowany czas czytania\" \/>\n\t<meta name=\"twitter:data1\" content=\"1 minuta\" \/>\n<!-- \/ Yoast SEO plugin. -->","yoast_head_json":{"title":"Osuszacz - Wypo\u017cyczalnia sprz\u0119tu czyszcz\u0105cego, ozonowanie, dezynfekcja.","robots":{"index":"index","follow":"follow","max-snippet":"max-snippet:-1","max-image-preview":"max-image-preview:large","max-video-preview":"max-video-preview:-1"},"canonical":"https:\/\/odkurzacz.selit.pl\/index.php\/214-2\/","og_locale":"pl_PL","og_type":"article","og_title":"Osuszacz - Wypo\u017cyczalnia sprz\u0119tu czyszcz\u0105cego, ozonowanie, dezynfekcja.","og_description":"Oferujemy wypo\u017cyczenie profesjonalnego osuszacza spr\u0119\u017conego powierza, kt\u00f3ry skutecznie pomaga zwalczy\u0107 zawilgocenie \u015bcian, przykre zapachy, ple\u015bnie oraz skondensowan\u0105 wilgo\u0107 w pomieszczeniu. Nadmiar wilgoci zostaje skondensowana i zebrana w zbiorniku na wod\u0119. Doskonale sprawdzi si\u0119 m.in. w: &#8211; zalanych pomieszcze\u0144 u\u017cytkowych, mieszka\u0144, biur, &#8211; wilgotnych pomieszcze\u0144 po pracach budowlanych lub remontowych (po na\u0142o\u017ceniu tynku, g\u0142adzi czy malowaniu),...","og_url":"https:\/\/odkurzacz.selit.pl\/index.php\/214-2\/","og_site_name":"Wypo\u017cyczalnia sprz\u0119tu czyszcz\u0105cego, ozonowanie, dezynfekcja.","article_modified_time":"2023-12-11T14:39:15+00:00","og_image":[{"url":"http:\/\/odkurzacz.selit.pl\/wp-content\/uploads\/2021\/10\/Osusz_1-227x300.png","type":"","width":"","height":""}],"twitter_card":"summary_large_image","twitter_misc":{"Szacowany czas czytania":"1 minuta"},"schema":{"@context":"https:\/\/schema.org","@graph":[{"@type":"WebPage","@id":"https:\/\/odkurzacz.selit.pl\/index.php\/214-2\/","url":"https:\/\/odkurzacz.selit.pl\/index.php\/214-2\/","name":"Osuszacz - Wypo\u017cyczalnia sprz\u0119tu czyszcz\u0105cego, ozonowanie, dezynfekcja.","isPartOf":{"@id":"https:\/\/odkurzacz.selit.pl\/#website"},"primaryImageOfPage":{"@id":"https:\/\/odkurzacz.selit.pl\/index.php\/214-2\/#primaryimage"},"image":{"@id":"https:\/\/odkurzacz.selit.pl\/index.php\/214-2\/#primaryimage"},"thumbnailUrl":"http:\/\/odkurzacz.selit.pl\/wp-content\/uploads\/2021\/10\/Osusz_1-227x300.png","datePublished":"2021-10-13T16:43:31+00:00","dateModified":"2023-12-11T14:39:15+00:00","breadcrumb":{"@id":"https:\/\/odkurzacz.selit.pl\/index.php\/214-2\/#breadcrumb"},"inLanguage":"pl-PL","potentialAction":[{"@type":"ReadAction","target":["https:\/\/odkurzacz.selit.pl\/index.php\/214-2\/"]}]},{"@type":"ImageObject","inLanguage":"pl-PL","@id":"https:\/\/odkurzacz.selit.pl\/index.php\/214-2\/#primaryimage","url":"https:\/\/odkurzacz.selit.pl\/wp-content\/uploads\/2021\/10\/Osusz_1.png","contentUrl":"https:\/\/odkurzacz.selit.pl\/wp-content\/uploads\/2021\/10\/Osusz_1.png","width":684,"height":905},{"@type":"BreadcrumbList","@id":"https:\/\/odkurzacz.selit.pl\/index.php\/214-2\/#breadcrumb","itemListElement":[{"@type":"ListItem","position":1,"name":"Strona g\u0142\u00f3wna","item":"https:\/\/odkurzacz.selit.pl\/"},{"@type":"ListItem","position":2,"name":"Osuszacz"}]},{"@type":"WebSite","@id":"https:\/\/odkurzacz.selit.pl\/#website","url":"https:\/\/odkurzacz.selit.pl\/","name":"Wypo\u017cyczalnia sprz\u0119tu czyszcz\u0105cego, ozonowanie, dezynfekcja.","description":"Szczecin, tel. 691 991 473, biuro@selit.pl","potentialAction":[{"@type":"SearchAction","target":{"@type":"EntryPoint","urlTemplate":"https:\/\/odkurzacz.selit.pl\/?s={search_term_string}"},"query-input":{"@type":"PropertyValueSpecification","valueRequired":true,"valueName":"search_term_string"}}],"inLanguage":"pl-PL"}]}},"_links":{"self":[{"href":"https:\/\/odkurzacz.selit.pl\/index.php\/wp-json\/wp\/v2\/pages\/214","targetHints":{"allow":["GET"]}}],"collection":[{"href":"https:\/\/odkurzacz.selit.pl\/index.php\/wp-json\/wp\/v2\/pages"}],"about":[{"href":"https:\/\/odkurzacz.selit.pl\/index.php\/wp-json\/wp\/v2\/types\/page"}],"author":[{"embeddable":true,"href":"https:\/\/odkurzacz.selit.pl\/index.php\/wp-json\/wp\/v2\/users\/2"}],"replies":[{"embeddable":true,"href":"https:\/\/odkurzacz.selit.pl\/index.php\/wp-json\/wp\/v2\/comments?post=214"}],"version-history":[{"count":3,"href":"https:\/\/odkurzacz.selit.pl\/index.php\/wp-json\/wp\/v2\/pages\/214\/revisions"}],"predecessor-version":[{"id":298,"href":"https:\/\/odkurzacz.selit.pl\/index.php\/wp-json\/wp\/v2\/pages\/214\/revisions\/298"}],"wp:attachment":[{"href":"https:\/\/odkurzacz.selit.pl\/index.php\/wp-json\/wp\/v2\/media?parent=214"}],"curies":[{"name":"wp","href":"https:\/\/api.w.org\/{rel}","templated":true}]}}