{"id":83,"date":"2019-05-16T21:11:19","date_gmt":"2019-05-16T19:11:19","guid":{"rendered":"http:\/\/odkurzacz.selit.pl\/?page_id=83"},"modified":"2021-10-13T18:53:45","modified_gmt":"2021-10-13T16:53:45","slug":"myjka-do-okien-karcher","status":"publish","type":"page","link":"https:\/\/odkurzacz.selit.pl\/index.php\/myjka-do-okien-karcher\/","title":{"rendered":"Myjka do okien"},"content":{"rendered":"<p><strong>Oferujemy wypo\u017cyczenie profesjonalnej myjki do okien Karcher 10 WVP AV<\/strong><\/p>\n<p>Myjka idealnie nadaje si\u0119 do mycia okien, czyszczenia p\u0142ytek, gablot lub innych p\u0142askich i g\u0142adkich powierzchni oraz ma wiele innych zastosowa\u0144.<br \/>\nDzi\u0119ki innowacyjnemu systemowi separacji myjka do okien WVP mo\u017ce pracowa\u0107 w pionie, w poziomie i pozycji odwr\u00f3conej.<br \/>\nPojemnik na brudn\u0105 wod\u0119 o pojemno\u015bci 200 ml jest bardzo \u0142atwy do opr\u00f3\u017cniania. Sprawia, \u017ce \u200b\u200bczyszczenie jest higieniczne, poniewa\u017c myj\u0105cy nie ma bezpo\u015bredniego kontaktu z brudn\u0105 wod\u0105.<\/p>\n<p><strong>Cena<\/strong>: 30 PLN za dob\u0119 lub 50 PLN za weekend.<br \/>\nW cenie wypo\u017cyczenia myjki otrzymujesz:<br \/>\n&#8211; ssawk\u0119 &#8211; szeroka (regulowana 280mm)<br \/>\n&#8211; spryskiwacz + 2 pady z mikrofibry (do wewn\u0105trz i na zewn\u0105trz)<br \/>\n&#8211; wymienny akumulator<br \/>\n&#8211; \u0142adowark\u0119 + bateri\u0119<br \/>\n&#8211; porcj\u0119 profesjonalnego \u015brodka Karcher do czyszczenia powierzchni<\/p>\n<h3><strong>Profesjonalna myjka do okien &#8211;<\/strong> <strong>lekka, ergonomiczna, uniwersalna.<\/strong><\/h3>\n<p>S\u0142u\u017cy do odsysania wody ze wszystkich p\u0142askich powierzchni. Charakteryzuje si\u0119 solidn\u0105 konstrukcj\u0105 i du\u017c\u0105 wydajno\u015bci\u0105. Zasilana akumulatorowo.<\/p>\n<p>Dzi\u0119ki innowacyjnemu systemowi separacji <strong>myjka do okien WVP mo\u017ce pracowa\u0107 w pionie, w poziomie i pozycji odwr\u00f3conej<\/strong>. Opr\u00f3cz mycia okien doskonale sprawdzi si\u0119 r\u00f3wnie\u017c w czyszczeniu p\u0142ytek, gablot lub innych p\u0142askich i g\u0142adkich powierzchni. Pojemnik na brudn\u0105 wod\u0119 o pojemno\u015bco 200 ml jest bardzo \u0142atwy do opr\u00f3\u017cniania. Sprawia, \u017ce \u200b\u200bczyszczenie jest higieniczne, poniewa\u017c myj\u0105cy nie ma bezpo\u015bredniego kontaktu z brudn\u0105 wod\u0105. Separator i pojemnik mo\u017cna czy\u015bci\u0107 w zmywarce.<\/p>\n<p><img loading=\"lazy\" decoding=\"async\" class=\"size-full wp-image-79 aligncenter\" src=\"http:\/\/odkurzacz.selit.pl\/wp-content\/uploads\/2019\/05\/zdjecie-nr-1.jpg\" alt=\"\" width=\"502\" height=\"502\" srcset=\"https:\/\/odkurzacz.selit.pl\/wp-content\/uploads\/2019\/05\/zdjecie-nr-1.jpg 502w, https:\/\/odkurzacz.selit.pl\/wp-content\/uploads\/2019\/05\/zdjecie-nr-1-150x150.jpg 150w, https:\/\/odkurzacz.selit.pl\/wp-content\/uploads\/2019\/05\/zdjecie-nr-1-300x300.jpg 300w\" sizes=\"auto, (max-width: 502px) 100vw, 502px\" \/><\/p>\n<p>Szybka \u0142adowarka \u0142aduje akumulator w ci\u0105gu ok. 60 minut. To <strong>3x szybciej w por\u00f3wnaniu ze standardow\u0105 \u0142adowark\u0105<\/strong>, kt\u00f3ra potrzebuje na to ok. 180 minut.<\/p>\n<p><img loading=\"lazy\" decoding=\"async\" class=\"size-full wp-image-78 aligncenter\" src=\"http:\/\/odkurzacz.selit.pl\/wp-content\/uploads\/2019\/05\/zdjecie-nr-3.jpg\" alt=\"\" width=\"502\" height=\"502\" srcset=\"https:\/\/odkurzacz.selit.pl\/wp-content\/uploads\/2019\/05\/zdjecie-nr-3.jpg 502w, https:\/\/odkurzacz.selit.pl\/wp-content\/uploads\/2019\/05\/zdjecie-nr-3-150x150.jpg 150w, https:\/\/odkurzacz.selit.pl\/wp-content\/uploads\/2019\/05\/zdjecie-nr-3-300x300.jpg 300w\" sizes=\"auto, (max-width: 502px) 100vw, 502px\" \/><\/p>\n<p>Odpowiednia do <strong>wszystkich typ\u00f3w powierzchni g\u0142adkich<\/strong>. Wygodna obs\u0142uga. Mi\u0119kki, gumowany uchwyt.<\/p>\n<p>R\u0119cznie regulowany uchwyt dystansowy <strong>umo\u017cliwia czyszczenie przy kraw\u0119dziach<\/strong>.<\/p>\n<p><img loading=\"lazy\" decoding=\"async\" class=\" wp-image-77 aligncenter\" src=\"http:\/\/odkurzacz.selit.pl\/wp-content\/uploads\/2019\/05\/zdjecie-nr-2.jpg\" alt=\"\" width=\"574\" height=\"287\" srcset=\"https:\/\/odkurzacz.selit.pl\/wp-content\/uploads\/2019\/05\/zdjecie-nr-2.jpg 400w, https:\/\/odkurzacz.selit.pl\/wp-content\/uploads\/2019\/05\/zdjecie-nr-2-300x150.jpg 300w\" sizes=\"auto, (max-width: 574px) 100vw, 574px\" \/><\/p>\n","protected":false},"excerpt":{"rendered":"<p>Oferujemy wypo\u017cyczenie profesjonalnej myjki do okien Karcher 10 WVP AV Myjka idealnie nadaje si\u0119 do mycia okien, czyszczenia p\u0142ytek, gablot lub innych p\u0142askich i g\u0142adkich powierzchni oraz ma wiele innych zastosowa\u0144. Dzi\u0119ki innowacyjnemu systemowi separacji myjka do okien WVP mo\u017ce pracowa\u0107 w pionie, w poziomie i pozycji odwr\u00f3conej. Pojemnik na brudn\u0105 wod\u0119 o pojemno\u015bci 200&#8230;<\/p>\n","protected":false},"author":1,"featured_media":0,"parent":0,"menu_order":0,"comment_status":"closed","ping_status":"closed","template":"","meta":{"footnotes":""},"class_list":["post-83","page","type-page","status-publish","hentry"],"yoast_head":"<!-- This site is optimized with the Yoast SEO plugin v25.7 - https:\/\/yoast.com\/wordpress\/plugins\/seo\/ -->\n<title>Myjka do okien - Wypo\u017cyczalnia sprz\u0119tu czyszcz\u0105cego, ozonowanie, dezynfekcja.<\/title>\n<meta name=\"robots\" content=\"index, follow, max-snippet:-1, max-image-preview:large, max-video-preview:-1\" \/>\n<link rel=\"canonical\" href=\"https:\/\/odkurzacz.selit.pl\/index.php\/myjka-do-okien-karcher\/\" \/>\n<meta property=\"og:locale\" content=\"pl_PL\" \/>\n<meta property=\"og:type\" content=\"article\" \/>\n<meta property=\"og:title\" content=\"Myjka do okien - Wypo\u017cyczalnia sprz\u0119tu czyszcz\u0105cego, ozonowanie, dezynfekcja.\" \/>\n<meta property=\"og:description\" content=\"Oferujemy wypo\u017cyczenie profesjonalnej myjki do okien Karcher 10 WVP AV Myjka idealnie nadaje si\u0119 do mycia okien, czyszczenia p\u0142ytek, gablot lub innych p\u0142askich i g\u0142adkich powierzchni oraz ma wiele innych zastosowa\u0144. Dzi\u0119ki innowacyjnemu systemowi separacji myjka do okien WVP mo\u017ce pracowa\u0107 w pionie, w poziomie i pozycji odwr\u00f3conej. Pojemnik na brudn\u0105 wod\u0119 o pojemno\u015bci 200...\" \/>\n<meta property=\"og:url\" content=\"https:\/\/odkurzacz.selit.pl\/index.php\/myjka-do-okien-karcher\/\" \/>\n<meta property=\"og:site_name\" content=\"Wypo\u017cyczalnia sprz\u0119tu czyszcz\u0105cego, ozonowanie, dezynfekcja.\" \/>\n<meta property=\"article:modified_time\" content=\"2021-10-13T16:53:45+00:00\" \/>\n<meta property=\"og:image\" content=\"http:\/\/odkurzacz.selit.pl\/wp-content\/uploads\/2019\/05\/zdjecie-nr-1.jpg\" \/>\n<meta name=\"twitter:card\" content=\"summary_large_image\" \/>\n<meta name=\"twitter:label1\" content=\"Szacowany czas czytania\" \/>\n\t<meta name=\"twitter:data1\" content=\"1 minuta\" \/>\n<!-- \/ Yoast SEO plugin. -->","yoast_head_json":{"title":"Myjka do okien - Wypo\u017cyczalnia sprz\u0119tu czyszcz\u0105cego, ozonowanie, dezynfekcja.","robots":{"index":"index","follow":"follow","max-snippet":"max-snippet:-1","max-image-preview":"max-image-preview:large","max-video-preview":"max-video-preview:-1"},"canonical":"https:\/\/odkurzacz.selit.pl\/index.php\/myjka-do-okien-karcher\/","og_locale":"pl_PL","og_type":"article","og_title":"Myjka do okien - Wypo\u017cyczalnia sprz\u0119tu czyszcz\u0105cego, ozonowanie, dezynfekcja.","og_description":"Oferujemy wypo\u017cyczenie profesjonalnej myjki do okien Karcher 10 WVP AV Myjka idealnie nadaje si\u0119 do mycia okien, czyszczenia p\u0142ytek, gablot lub innych p\u0142askich i g\u0142adkich powierzchni oraz ma wiele innych zastosowa\u0144. Dzi\u0119ki innowacyjnemu systemowi separacji myjka do okien WVP mo\u017ce pracowa\u0107 w pionie, w poziomie i pozycji odwr\u00f3conej. Pojemnik na brudn\u0105 wod\u0119 o pojemno\u015bci 200...","og_url":"https:\/\/odkurzacz.selit.pl\/index.php\/myjka-do-okien-karcher\/","og_site_name":"Wypo\u017cyczalnia sprz\u0119tu czyszcz\u0105cego, ozonowanie, dezynfekcja.","article_modified_time":"2021-10-13T16:53:45+00:00","og_image":[{"url":"http:\/\/odkurzacz.selit.pl\/wp-content\/uploads\/2019\/05\/zdjecie-nr-1.jpg","type":"","width":"","height":""}],"twitter_card":"summary_large_image","twitter_misc":{"Szacowany czas czytania":"1 minuta"},"schema":{"@context":"https:\/\/schema.org","@graph":[{"@type":"WebPage","@id":"https:\/\/odkurzacz.selit.pl\/index.php\/myjka-do-okien-karcher\/","url":"https:\/\/odkurzacz.selit.pl\/index.php\/myjka-do-okien-karcher\/","name":"Myjka do okien - Wypo\u017cyczalnia sprz\u0119tu czyszcz\u0105cego, ozonowanie, dezynfekcja.","isPartOf":{"@id":"https:\/\/odkurzacz.selit.pl\/#website"},"primaryImageOfPage":{"@id":"https:\/\/odkurzacz.selit.pl\/index.php\/myjka-do-okien-karcher\/#primaryimage"},"image":{"@id":"https:\/\/odkurzacz.selit.pl\/index.php\/myjka-do-okien-karcher\/#primaryimage"},"thumbnailUrl":"http:\/\/odkurzacz.selit.pl\/wp-content\/uploads\/2019\/05\/zdjecie-nr-1.jpg","datePublished":"2019-05-16T19:11:19+00:00","dateModified":"2021-10-13T16:53:45+00:00","breadcrumb":{"@id":"https:\/\/odkurzacz.selit.pl\/index.php\/myjka-do-okien-karcher\/#breadcrumb"},"inLanguage":"pl-PL","potentialAction":[{"@type":"ReadAction","target":["https:\/\/odkurzacz.selit.pl\/index.php\/myjka-do-okien-karcher\/"]}]},{"@type":"ImageObject","inLanguage":"pl-PL","@id":"https:\/\/odkurzacz.selit.pl\/index.php\/myjka-do-okien-karcher\/#primaryimage","url":"https:\/\/odkurzacz.selit.pl\/wp-content\/uploads\/2019\/05\/zdjecie-nr-1.jpg","contentUrl":"https:\/\/odkurzacz.selit.pl\/wp-content\/uploads\/2019\/05\/zdjecie-nr-1.jpg","width":502,"height":502},{"@type":"BreadcrumbList","@id":"https:\/\/odkurzacz.selit.pl\/index.php\/myjka-do-okien-karcher\/#breadcrumb","itemListElement":[{"@type":"ListItem","position":1,"name":"Strona g\u0142\u00f3wna","item":"https:\/\/odkurzacz.selit.pl\/"},{"@type":"ListItem","position":2,"name":"Myjka do okien"}]},{"@type":"WebSite","@id":"https:\/\/odkurzacz.selit.pl\/#website","url":"https:\/\/odkurzacz.selit.pl\/","name":"Wypo\u017cyczalnia sprz\u0119tu czyszcz\u0105cego, ozonowanie, dezynfekcja.","description":"Szczecin, tel. 691 991 473, biuro@selit.pl","potentialAction":[{"@type":"SearchAction","target":{"@type":"EntryPoint","urlTemplate":"https:\/\/odkurzacz.selit.pl\/?s={search_term_string}"},"query-input":{"@type":"PropertyValueSpecification","valueRequired":true,"valueName":"search_term_string"}}],"inLanguage":"pl-PL"}]}},"_links":{"self":[{"href":"https:\/\/odkurzacz.selit.pl\/index.php\/wp-json\/wp\/v2\/pages\/83","targetHints":{"allow":["GET"]}}],"collection":[{"href":"https:\/\/odkurzacz.selit.pl\/index.php\/wp-json\/wp\/v2\/pages"}],"about":[{"href":"https:\/\/odkurzacz.selit.pl\/index.php\/wp-json\/wp\/v2\/types\/page"}],"author":[{"embeddable":true,"href":"https:\/\/odkurzacz.selit.pl\/index.php\/wp-json\/wp\/v2\/users\/1"}],"replies":[{"embeddable":true,"href":"https:\/\/odkurzacz.selit.pl\/index.php\/wp-json\/wp\/v2\/comments?post=83"}],"version-history":[{"count":5,"href":"https:\/\/odkurzacz.selit.pl\/index.php\/wp-json\/wp\/v2\/pages\/83\/revisions"}],"predecessor-version":[{"id":223,"href":"https:\/\/odkurzacz.selit.pl\/index.php\/wp-json\/wp\/v2\/pages\/83\/revisions\/223"}],"wp:attachment":[{"href":"https:\/\/odkurzacz.selit.pl\/index.php\/wp-json\/wp\/v2\/media?parent=83"}],"curies":[{"name":"wp","href":"https:\/\/api.w.org\/{rel}","templated":true}]}}

<p><strong>Oferujemy wypożyczenie profesjonalnej myjki do okien Karcher 10 WVP AV</strong></p>
<p>Myjka idealnie nadaje się do mycia okien, czyszczenia płytek, gablot lub innych płaskich i gładkich powierzchni oraz ma wiele innych zastosowań.<br />
Dzięki innowacyjnemu systemowi separacji myjka do okien WVP może pracować w pionie, w poziomie i pozycji odwróconej.<br />
Pojemnik na brudną wodę o pojemności 200 ml jest bardzo łatwy do opróżniania. Sprawia, że ​​czyszczenie jest higieniczne, ponieważ myjący nie ma bezpośredniego kontaktu z brudną wodą.</p>
<p><strong>Cena</strong>: 30 PLN za dobę lub 50 PLN za weekend.<br />
W cenie wypożyczenia myjki otrzymujesz:<br />
&#8211; ssawkę &#8211; szeroka (regulowana 280mm)<br />
&#8211; spryskiwacz + 2 pady z mikrofibry (do wewnątrz i na zewnątrz)<br />
&#8211; wymienny akumulator<br />
&#8211; ładowarkę + baterię<br />
&#8211; porcję profesjonalnego środka Karcher do czyszczenia powierzchni</p>
<h3><strong>Profesjonalna myjka do okien &#8211;</strong> <strong>lekka, ergonomiczna, uniwersalna.</strong></h3>
<p>Służy do odsysania wody ze wszystkich płaskich powierzchni. Charakteryzuje się solidną konstrukcją i dużą wydajnością. Zasilana akumulatorowo.</p>
<p>Dzięki innowacyjnemu systemowi separacji <strong>myjka do okien WVP może pracować w pionie, w poziomie i pozycji odwróconej</strong>. Oprócz mycia okien doskonale sprawdzi się również w czyszczeniu płytek, gablot lub innych płaskich i gładkich powierzchni. Pojemnik na brudną wodę o pojemnośco 200 ml jest bardzo łatwy do opróżniania. Sprawia, że ​​czyszczenie jest higieniczne, ponieważ myjący nie ma bezpośredniego kontaktu z brudną wodą. Separator i pojemnik można czyścić w zmywarce.</p>
<p><img loading="lazy" decoding="async" class="size-full wp-image-79 aligncenter" src="http://odkurzacz.selit.pl/wp-content/uploads/2019/05/zdjecie-nr-1.jpg" alt="" width="502" height="502" srcset="https://odkurzacz.selit.pl/wp-content/uploads/2019/05/zdjecie-nr-1.jpg 502w, https://odkurzacz.selit.pl/wp-content/uploads/2019/05/zdjecie-nr-1-150x150.jpg 150w, https://odkurzacz.selit.pl/wp-content/uploads/2019/05/zdjecie-nr-1-300x300.jpg 300w" sizes="auto, (max-width: 502px) 100vw, 502px" /></p>
<p>Szybka ładowarka ładuje akumulator w ciągu ok. 60 minut. To <strong>3x szybciej w porównaniu ze standardową ładowarką</strong>, która potrzebuje na to ok. 180 minut.</p>
<p><img loading="lazy" decoding="async" class="size-full wp-image-78 aligncenter" src="http://odkurzacz.selit.pl/wp-content/uploads/2019/05/zdjecie-nr-3.jpg" alt="" width="502" height="502" srcset="https://odkurzacz.selit.pl/wp-content/uploads/2019/05/zdjecie-nr-3.jpg 502w, https://odkurzacz.selit.pl/wp-content/uploads/2019/05/zdjecie-nr-3-150x150.jpg 150w, https://odkurzacz.selit.pl/wp-content/uploads/2019/05/zdjecie-nr-3-300x300.jpg 300w" sizes="auto, (max-width: 502px) 100vw, 502px" /></p>
<p>Odpowiednia do <strong>wszystkich typów powierzchni gładkich</strong>. Wygodna obsługa. Miękki, gumowany uchwyt.</p>
<p>Ręcznie regulowany uchwyt dystansowy <strong>umożliwia czyszczenie przy krawędziach</strong>.</p>
<p><img loading="lazy" decoding="async" class=" wp-image-77 aligncenter" src="http://odkurzacz.selit.pl/wp-content/uploads/2019/05/zdjecie-nr-2.jpg" alt="" width="574" height="287" srcset="https://odkurzacz.selit.pl/wp-content/uploads/2019/05/zdjecie-nr-2.jpg 400w, https://odkurzacz.selit.pl/wp-content/uploads/2019/05/zdjecie-nr-2-300x150.jpg 300w" sizes="auto, (max-width: 574px) 100vw, 574px" /></p>

<p>Oferujemy wypożyczenie profesjonalnej myjki do okien Karcher 10 WVP AV Myjka idealnie nadaje się do mycia okien, czyszczenia płytek, gablot lub innych płaskich i gładkich powierzchni oraz ma wiele innych zastosowań. Dzięki innowacyjnemu systemowi separacji myjka do okien WVP może pracować w pionie, w poziomie i pozycji odwróconej. Pojemnik na brudną wodę o pojemności 200&#8230;</p>

<!-- This site is optimized with the Yoast SEO plugin v25.7 - https://yoast.com/wordpress/plugins/seo/ -->
<title>Myjka do okien - Wypożyczalnia sprzętu czyszczącego, ozonowanie, dezynfekcja.</title>
<meta name="robots" content="index, follow, max-snippet:-1, max-image-preview:large, max-video-preview:-1" />
<link rel="canonical" href="https://odkurzacz.selit.pl/index.php/myjka-do-okien-karcher/" />
<meta property="og:locale" content="pl_PL" />
<meta property="og:type" content="article" />
<meta property="og:title" content="Myjka do okien - Wypożyczalnia sprzętu czyszczącego, ozonowanie, dezynfekcja." />
<meta property="og:description" content="Oferujemy wypożyczenie profesjonalnej myjki do okien Karcher 10 WVP AV Myjka idealnie nadaje się do mycia okien, czyszczenia płytek, gablot lub innych płaskich i gładkich powierzchni oraz ma wiele innych zastosowań. Dzięki innowacyjnemu systemowi separacji myjka do okien WVP może pracować w pionie, w poziomie i pozycji odwróconej. Pojemnik na brudną wodę o pojemności 200..." />
<meta property="og:url" content="https://odkurzacz.selit.pl/index.php/myjka-do-okien-karcher/" />
<meta property="og:site_name" content="Wypożyczalnia sprzętu czyszczącego, ozonowanie, dezynfekcja." />
<meta property="article:modified_time" content="2021-10-13T16:53:45+00:00" />
<meta property="og:image" content="http://odkurzacz.selit.pl/wp-content/uploads/2019/05/zdjecie-nr-1.jpg" />
<meta name="twitter:card" content="summary_large_image" />
<meta name="twitter:label1" content="Szacowany czas czytania" />
	<meta name="twitter:data1" content="1 minuta" />
<!-- / Yoast SEO plugin. -->

Myjka do okien - Wypożyczalnia sprzętu czyszczącego, ozonowanie, dezynfekcja.

Oferujemy wypożyczenie profesjonalnej myjki do okien Karcher 10 WVP AV Myjka idealnie nadaje się do mycia okien, czyszczenia płytek, gablot lub innych płaskich i gładkich powierzchni oraz ma wiele innych zastosowań. Dzięki innowacyjnemu systemowi separacji myjka do okien WVP może pracować w pionie, w poziomie i pozycji odwróconej. Pojemnik na brudną wodę o pojemności 200...

Wypożyczalnia sprzętu czyszczącego, ozonowanie, dezynfekcja.

Strona główna
